*c**2 + 10*c + 6. Let n be h(p). What are the prime factors of 6/9 - (-816)/n?
2, 23
Suppose 0 = t - t - t. Let r(d) = d**3 + 2*d**2 + 80. What are the prime factors of r(t)?
2, 5
Let p = 40 + -65. List the prime factors of p/25 - 44/(-2 + 1).
43
List the prime factors of ((-8)/(-20))/((-14)/(-53935)).
23, 67
Suppose 4*j + 3*l + 72 = -0*l, -2*j - 26 = -l. Let m be ((-6)/j)/((-3)/(-30)). What are the prime factors of m/(-6)*315/(-30)?
7
Let o = 7 + -4. Suppose -5*a - 4*d - d = -850, 5*a - 866 = 3*d. Suppose -p + a = o*p. What are the prime factors of p?
43
Suppose -3*i = -315 - 48. Let p = i + -206. Let q = p - -125. What are the prime factors of q?
2, 5
Suppose z - 5*z = 3*z. Suppose -2*m = -4*m - 10, -3*v + 3*m + 69 = z. What are the prime factors of v?
2, 3
Suppose -a + 5*v = -1340, 5*a = -39*v + 41*v + 6700. What are the prime factors of a?
2, 5, 67
Suppose 6*i = 4*i + 116. List the prime factors of (i/4)/(6/12).
29
Let c(s) = -s**3 + 6*s**2 - 6*s - 8. Let f be c(6). Let o(t) = -t**3 - 4*t**2 - 8*t + 23. Let w be o(3). Let k = f - w. What are the prime factors of k?
2, 5
Let w(l) = 28*l**2 + 53*l + 361. List the prime factors of w(-6).
1051
Let g = 751 + -294. What are the prime factors of g?
457
Let n = 115 - -629. List the prime factors of n.
2, 3, 31
Let w(g) = 17*g**2 + 5*g - 82. What are the prime factors of w(6)?
2, 5, 7
Suppose -6*v + 29 = 11. What are the prime factors of v?
3
Let i(k) = -4*k**2 - 2*k. Let d be i(-2). What are the prime factors of 1/((d/(-764))/3)?
191
Let g = -246 + 438. What are the prime factors of g?
2, 3
Suppose 0 = 5*a - 3*u + 9, 3*a = 2*u - 0*u - 6. Let m be (-1)/2*(0 - 102/3). Suppose a*l - m = -l. List the prime factors of l.
17
Let c be (0 - 1) + (2 - (3 + -4)). Suppose -84 = -c*v - k, -4*v + 2*k = -2*k - 180. List the prime factors of v.
43
Suppose 0 = 4*r + 8, 4*a + r - 8 = 2*a. Suppose 66 + 11 = 2*v + a*i, 2*i - 88 = -3*v. What are the prime factors of v?
2, 13
Suppose -9*h + k = -5*h - 10228, 0 = -h + k + 2560. List the prime factors of h.
2, 3, 71
Let k(t) = -11*t + 19. Let c(l) be the first derivative of -2*l**2 + 6*l + 2. Let r(b) = 17*c(b) - 6*k(b). List the prime factors of r(-7).
2
Let m = 5 - 8. Let t(g) = -g**2 - g + 7. Let z be t(m). What are the prime factors of ((-3)/z - -13) + 3?
13
Suppose 0*m = -m - 8. Let l = 62 + m. Suppose 0 = 5*j + j - l. What are the prime factors of j?
3
Let p(x) be the third derivative of x**5/60 - x**4/6 - 4*x**3/3 - 8*x**2. List the prime factors of p(7).
13
Let n = -31 + 31. What are the prime factors of 118 + (0 - 1)*3 + n?
5, 23
Suppose 97*j = 9*j + 93192. What are the prime factors of j?
3, 353
Suppose -14 = -5*v - 3*z + 6, -5*z = 5*v - 20. Suppose 4*x - 2*y = 22, 2*x - 14 = 2*y - v. Let u(r) = r**3 - 7*r**2 + 6*r + 8. List the prime factors of u(x).
2
Let r(p) = 421*p - 14. Let m be r(-5). Let f be (-2)/(-3) - m/39. Suppose 0 = 2*h - f - 1. List the prime factors of h.
2, 7
Let g(z) be the third derivative of z**6/120 - z**5/10 + z**4/24 - 2*z**3/3 + 17*z**2. What are the prime factors of g(6)?
2
Let c = -103 - -112. List the prime factors of (((-39)/c)/(-1))/((-1)/(-3)).
13
Let k(f) = 115*f**2 - 11*f - 2. What are the prime factors of k(-2)?
2, 3, 5
What are the prime factors of (-7608)/18*105/(-20)?
7, 317
Let b be (-12)/(-30) + (-32)/5. Let l be (2/b)/(4/24). Let j(x) = 15*x**2 + 5*x + 3. List the prime factors of j(l).
53
Let n = 71 - -120. Let z = -86 + n. What are the prime factors of z?
3, 5, 7
Let h = -105 - -65. Let f = h + 106. List the prime factors of f.
2, 3, 11
Suppose -2*j = -4*f - 5830, 5*j + 5*f = 9*j - 11657. List the prime factors of j.
3, 971
What are the prime factors of 6875/11 - (1 - -2)?
2, 311
Let i(b) = 4*b**2 + 17*b - 6. Let r be i(-5). Let z = r + 53. What are the prime factors of z?
2, 31
Let p = -16 - -21. Suppose 83 = -p*f - 62. Let m = f - -78. List the prime factors of m.
7
Let f = -285 - -339. List the prime factors of f.
2, 3
Suppose -4*v + 3*d - 176 = -5*v, 4*v - 772 = 5*d. List the prime factors of v.
2, 47
Suppose -4*b + 21 = -p - 8*b, -21 = -4*p + 5*b. Let g(t) = 23*t**2 + t + 1. What are the prime factors of g(p)?
23
Let l(s) = -5*s**3 + 3*s + 2. Let f be l(-1). Suppose -2*u + 5*a - 13 = u, -11 = -f*u + a. List the prime factors of u.
2
Suppose -y = -4*h + h + 9, -10 = -4*h + 2*y. Suppose -2*m = -h*b + 280, -4*b + 280 = 2*m + 2*m. What are the prime factors of b?
2, 5, 7
Let i = -72 + 77. Suppose 499 = 2*x + i*d, 256 = 2*x - 2*d - 278. List the prime factors of x.
2, 131
Let t(j) = j**3 + 4*j**2 + 3*j + 1. Let s be t(-3). Let u(m) = 55*m + 2. Let l be u(s). Suppose x = -y + l, x = y + y + 63. List the prime factors of x.
59
Let q(c) = 499*c**2 - 1. List the prime factors of q(-1).
2, 3, 83
Let x(s) = 19*s**2 + 3*s - 27. What are the prime factors of x(-5)?
433
Suppose 7675 = 14*z + 1151. What are the prime factors of z?
2, 233
Let k(w) = -w**2 - 5*w - 3. Let r be k(-3). Let g(a) = r + 5*a - 5 - a**2 - 5*a - 9*a. What are the prime factors of g(-7)?
2, 3
Let l(d) = -2*d + 27. Let s be l(12). Let m(r) = 7*r + 4. What are the prime factors of m(s)?
5
Let z(c) = 5*c**2 - c - 38. What are the prime factors of z(-5)?
2, 23
Let p(a) = -243*a + 45. What are the prime factors of p(-3)?
2, 3, 43
Suppose -q - 5*h + 18 = 0, 2*q + 2*q - 4*h = 0. Let b be q + (2 - 3) + 19. Suppose b = -3*k + 6*k. What are the prime factors of k?
7
Suppose 0 = -x + 2*m - 6, 2 = 3*m - 10. Suppose -x*c + 26 = -0. What are the prime factors of c?
13
Let n be (2/3)/(10/240). What are the prime factors of n*2 + 1 + -3?
2, 3, 5
Suppose 0 = 2*s + 2*u - 3738, 4*s + 1435 = -2*u + 8911. What are the prime factors of s?
3, 7, 89
Let j(t) = 35*t**3 + t**2 - t. Let x be j(1). Suppose 0 = -5*s + x. List the prime factors of s.
7
Let z(k) = 2*k + 1. Let t be z(2). Let b(x) = 28*x - 4. Let m be b(t). Suppose -m = 5*r - 391. List the prime factors of r.
3, 17
List the prime factors of 12708/30 + 2/5.
2, 53
Suppose 504 = -4*w - 3*s + 95, -3*w - 291 = -3*s. Let y = -42 - w. What are the prime factors of y?
2, 29
Let o be 9/(-2)*4/(-6). Let f be 31/4 + o/12. Let u(b) = -b**3 + 7*b**2 + 12*b - 6. What are the prime factors of u(f)?
2, 13
What are the prime factors of 228206/308 + (-2)/(-28)?
3, 13, 19
Let i(d) = 0*d**3 + 2*d**2 + 1 + 2*d**3 - 6. List the prime factors of i(3).
67
Let f be 36 + 1 - (2 - -1). Suppose n = -m + f, 2*n + 0*n - 182 = -5*m. What are the prime factors of m?
2, 19
Suppose -61*z + 1004 = -59*z. What are the prime factors of z?
2, 251
Suppose -d + 8076 = 5*d. What are the prime factors of d?
2, 673
Suppose w = -2*z + 20 + 20, 180 = 4*w + 3*z. Let i = w - -168. What are the prime factors of i?
2, 3
Let n = -50 - -30. What are the prime factors of 3 - (4 + -2) - n?
3, 7
Let m(o) = 6*o**2 + 0*o**2 + 4 - o**3 + 0*o**3 - o - 4*o**2. Let n be m(-4). Let h = 147 - n. List the prime factors of h.
43
Suppose u = 6*u - 285. List the prime factors of u.
3, 19
Suppose 0 = f - 2*f + 8. Suppose -6 = -f*m + 10*m. What are the prime factors of 6 + 1 + m + 0?
2
Let g(k) = -k**3 - 12*k**2 - 6*k + 1. Let y be g(-12). Suppose -y*s + 76*s = 291. What are the prime factors of s?
97
Let n(g) = -g**3 + 9*g**2 - g - 7. Let c be n(8). Let t = -29 + c. Suppose -5*o + 24 = b, 2*b - t = -4*o + 10. What are the prime factors of b?
3
Let t(j) = -3*j**3 + j - 3*j**2 + 2 + 2 + 3*j. Let v be ((-65)/10)/13*12/2. What are the prime factors of t(v)?
2, 23
Suppose -4*x = 3*f - 3016, 5*f + 2423 = 3*x + 132. List the prime factors of x.
757
Suppose -4*o = -3*m + 932, -1143 = -4*m + 3*o + 95. List the prime factors of m.
2, 7, 11
Let y be (3/6)/((-5)/(-120)). Let n(o) = 8*o - 21. Let d(g) = -15*g + 42. Let x(a) = -5*d(a) - 9*n(a). What are the prime factors of x(y)?
3, 5
Suppose 2*f + 0 = 12. Suppose -54 - 156 = 5*h. Let c = f - h. What are the prime factors of c?
2, 3
Suppose 6 = 2*i + 2. Suppose 3*r - 5*r - 345 = -5*v, -v + i*r + 61 = 0. List the prime factors of v.
71
Let j(a) = 199*a + 3. List the prime factors of j(3).
2, 3, 5
Suppose 3*d = 4*g - d - 1132, 3*g - 5*d = 841. Suppose 4*f = g + 57. List the prime factors of f.
2, 43
Let w(q) = q + 7. Let c be w(2). Suppose -2062 = -c*i - 748. What are the prime factors of i?
2, 73
Let f = -9 + 16. Let i be f + (-1)/(4/16). Suppose -